5 = -5*v. What is u(s)?
-7
Let l(p) = -p**2 - 4*p - 1. Suppose 0 = x - 1 + 11. Let s be (-3)/(1 + 12/x). Suppose 2*f - 10 = 0, -g + 7 = 5*f - s. Give l(g).
2
Let d(a) = -a**3 + 2*a**2. Let v(c) = -2*c**3 + 19*c**2 + 9*c + 13. Let h be v(10). Calculate d(h).
-9
Let f(r) = r - 6. Let o be f(15). Let b(m) = o*m**2 + 4 - 6*m**2 - 3 - m**3. Calculate b(3).
1
Suppose -3*a - 3 = 2*a - 2*u, 1 = 4*a - 5*u. Let s be 6*a*(-27)/(-18). Let w(y) = -y - 13. Calculate w(s).
-4
Let w(p) = 2*p + 4. Let r be 1 - -5 - (2 - 1). Suppose 3*u + k = u - 5, 15 = r*k. Let a be w(u). Let i(v) = v + 4. Calculate i(a).
0
Let d(o) = o**2 - 15*o - 8. Let f be d(16). Let j(c) = f*c**3 - c**2 - 7*c**3 - c**2. Give j(2).
0
Let n(o) = -o**3 - 6*o**2 - 8*o - 8. Let m(f) = f**3 + 6*f**2 + 8*f + 7. Suppose -7 + 10 = z. Let t(j) = z*m(j) + 2*n(j). Give t(-5).
-10
Let o = 3 - 9. Let v(l) = -606*l**2 + 0 + 1 + l**3 - 1 + 3 + 612*l**2. Calculate v(o).
3
Let t(p) = 7*p**3 + p**2 + 2*p + 2. Let g be t(-1). Let i(q) = q**3 + 6*q**2 - 4*q + 8. Give i(g).
32
Let i(q) be the third derivative of q**6/120 + q**5/6 + q**4/3 - 5*q**3/3 + 3*q**2. Let d be i(-9). Let n(w) = -5*w**2 + 1. Determine n(d).
-4
Suppose 4*l + 8*m - 2 = 9*m, -4*m + 5 = -3*l. Let o(f) = 5*f - 1. Give o(l).
4
Let l(o) be the third derivative of o**5/60 + o**4/12 - o**3/3 - 125*o**2. Calculate l(-4).
6
Suppose 8*b - 6*b = -h + 1, 6*h - b + 33 = 0. Let o(q) = q + 6. Give o(h).
1
Let j(g) be the first derivative of -g**3/3 + 2*g**2 + 5*g - 10. Let p be j(5). Let w(m) = -m - 10. Calculate w(p).
-10
Let x(c) be the first derivative of 4*c**2 - 2 - 1/3*c**3 + 6*c. What is x(9)?
-3
Suppose 0 = 3*w + w. Suppose w*d - 3*d = -3. Let t(m) = 3*m + 1 - 2*m + m**3 - 2 - d. Give t(0).
-2
Let h(t) = 2*t + 4*t - 60 + 69. Let j be h(-2). Let l(x) = x**2 + 3*x + 1. What is l(j)?
1
Let w(c) = 88*c**3 - c + 6 - 87*c**3 + 7*c - 7*c**2. Give w(5).
-14
Suppose 0 = -5*d - 938 + 908. Let r(b) = -b**3 - 7*b**2 - 6*b - 4. Determine r(d).
-4
Let y(h) = -24 + 7 + h + 15. What is y(5)?
3
Let s(y) = -y + 1. Let v(a) = 4*a - 5. Let m(k) = -3*s(k) - v(k). Suppose -107 = b - f, -5*b - 2*f - 116 = -4*b. Let w = 113 + b. Determine m(w).
-1
Let q(d) = 5*d**2 - 2*d. Suppose -2*i + 4*w + 6 = 2, w = 3*i + 4. Let g(z) = -20*z**2 + 9*z - 1. Let a(k) = i*g(k) - 9*q(k). Give a(-2).
-18
Let p(v) = 0*v**3 + 3*v**3 - 6 + 4*v**2 - 4*v + 9*v**3 - 11*v**3. Let h = 2 - 6. Give p(h).
10
Let o(u) = 6*u + 1. Let b = 43 - 48. What is o(b)?
-29
Suppose -11*u = 168 + 19. Let w(g) = g**2 + 10*g - 3. Let t(m) = 3*m**2 + 29*m - 9. Let c(k) = u*w(k) + 6*t(k). Suppose 4*d - d = 6. Determine c(d).
9
Let o = 18 - 19. Let p be (-136)/(-16)*(o + -1). Let b = -17 - p. Let z(g) = -g**3 + g - 7. Give z(b).
-7
Let w = 6 + -3. Suppose -3*b + 3*m = -9, w*m - 21 = -4*b - 2*m. Suppose 2*z = z - b. Let v(o) = o**3 + 3*o**2 - 5*o - 5. Calculate v(z).
-1
Let o(b) = -7*b**2 + 19*b + 17. Suppose -5*f + 2*f - 39 = 0. Let u(p) = 3*p**2 - 9*p - 8. Let c(g) = f*u(g) - 6*o(g). Give c(-2).
8
Let j(k) be the second derivative of 1/20*k**5 + 1/2*k**4 + 0 - 2*k**2 + 1/2*k**3 - 8*k. Calculate j(-4).
16
Let k(d) = -4*d + 38. Let c be k(10). Let l(z) = -z**2 - 3*z - 2. Calculate l(c).
0
Let i(q) = 2*q**3 - q**2 - q - 4. Let v(a) = -a**3 + a**2 + a + 4. Let t(d) = -2*i(d) - 3*v(d). Let f be t(-2). Let z(s) = s**3 - 4*s + 3. Determine z(f).
3
Let i be (42/35)/(2/5). Let g be ((-2)/(-3) - -2 - i)*-3. Let b(o) = 7*o - 1. What is b(g)?
6
Let r(p) = 2*p - 4. Let m(i) = -i**2 - 11*i - 28. Let w be m(-5). Suppose j = -w*j - 15. Give r(j).
-14
Let a be (1/2 - 1)*(-168)/(-21). Let w(u) = -7*u**2 + 11*u + 4. Let d(o) = 3*o**2 - 5*o - 2. Let x(m) = a*w(m) - 9*d(m). Give x(-2).
4
Let c = 4 - 2. Let q(t) = -c*t + 8*t + 5 - 4*t - t. Give q(-5).
0
Let q = 46 - 33. Suppose -5*g + q = 4*c, -2*g + 17 = 7. Let o(x) = x**2 - x - 4. Determine o(c).
8
Let n = 8 + -16. Let w be (-4)/32*-3 - (-43)/n. Let p(t) = -t**2 - 5*t + 2. Determine p(w).
2
Let n(j) be the second derivative of -j**4/4 - j**3/6 + j**2 - 2*j. Let u be 364/104*12/(-21). Determine n(u).
-8
Let h(c) = 41*c**2. Let p = -137 - -138. Calculate h(p).
41
Let b(u) be the first derivative of u**2/2 + u + 4. Let x(d) = -3*d + 6. Let z(t) = 2*b(t) - x(t). Suppose -5*a = -6*a + 3. Calculate z(a).
11
Let u(y) = y**3 - 5*y**2 + 5. Suppose 2*n + 23 = -0*x + 3*x, -3*n - 3 = 0. Let k(i) = -3*i - 3 + i + 3*i. Let s be k(x). Give u(s).
-11
Let s(i) be the third derivative of i**5/60 - i**4/8 - 5*i**3/6 + i**2 - 7*i. Let c = -11 + 15. Give s(c).
-1
Let i(x) be the first derivative of -x**2 - 10*x - 128. Give i(-8).
6
Let a(s) be the first derivative of -5*s**4/2 + 2*s**3/3 - s + 3. Suppose 7*j - 7 = 14*j. Give a(j).
11
Let m(l) = -l**2 + 17*l + 5. Let r(a) = -a**2 + 15*a + 4. Let w(g) = 4*m(g) - 5*r(g). What is w(6)?
-6
Let p(u) = u**2 + u - 4. Let o(i) = -i**2 + 4. Let f(g) = -6*o(g) - 5*p(g). Suppose 9*x - 5*x = 24. Determine f(x).
2
Let x(g) = -g - 4. Let u(i) = 12*i + 4. Let m be u(-5). Let b = 50 + m. What is x(b)?
2
Let f(k) be the second derivative of -k**3/6 - k**2/2 - k. Let h = -439 - -622. Let o = h + -182. Give f(o).
-2
Let q(v) = -v + 4. Let h be -3 + 1 + -2 - (19 - 35). Calculate q(h).
-8
Let b(j) = -j**2 + 7*j - 5. Suppose -5*x + 31 = -39. Suppose -3*o = -x - 7. Determine b(o).
-5
Let r(z) = z + 7. Suppose -5*u + 13*b - 14*b + 38 = 0, -2 = u - 3*b. Give r(u).
14
Let z(w) = 3*w - 2. Let f be z(2). Suppose 0 = 2*y - y - 5, 4*y = -t - f. Let a be t/3*(-4)/(-8). Let j(d) = -d + 4. What is j(a)?
8
Let n be -9*((-2)/(-2))/(-3). Let z = 0 - n. Let y(u) be the first derivative of -u**2/2 - 5*u - 125. Calculate y(z).
-2
Let t(j) = -4*j**2 + 4*j - 2. Suppose -9*b = 40 - 58. What is t(b)?
-10
Let w(s) = 3*s - 10. Let t be w(4). Let j(v) = -v**2 + 3 + 7*v + 0*v**2 + 2*v**t + 0*v**2. Determine j(-5).
-7
Let d(c) be the third derivative of 3*c**5/20 + c**3/6 + 3*c**2 - 2. Let p be (-22*2)/2 + 1. Let r be (-2)/(-6) - 14/p. What is d(r)?
10
Let d(m) = -198*m + 341*m - 164*m + 1. What is d(-1)?
22
Suppose 0 = -128*x - 128 - 256. Let u(h) = 2*h**2 + 4*h - 1. What is u(x)?
5
Let q(g) = g**3 + 6*g**2 + 5*g + 4. Let a(c) = c - 22. Let k be a(0). Let l = -19 - k. Suppose -8 = v - l. Determine q(v).
4
Let f(u) be the second derivative of -5/2*u**2 + 0 + 14*u + u**3 - 1/12*u**4. Calculate f(4).
3
Let r(y) = 6*y - 3*y - 2*y - 8. Suppose -5*b - 40 = 2*x, -4*b - 4*x + 3 = 47. Let o(j) = -j**2 - 7*j + 1. Let i be o(b). Calculate r(i).
-1
Let i(a) = -a + 0*a - 3*a - 6. Suppose -14*v - w = -12*v + 16, 2*w - 8 = 4*v. Determine i(v).
14
Suppose -3*w + 15 = 2*l - 11, -4*l = -w + 4. Suppose -w*k + 12*k = -20. Let b(z) = -z**3 - 5*z**2 + 2*z + 3. Calculate b(k).
-7
Suppose -5*h = u - 22 - 9, -3*h - 5*u = -23. Let a(m) = -m**3 + 6*m**2 - 2. What is a(h)?
-2
Let l(g) = 2*g**3 - 2*g**2 - 7*g + 2. Let d be 12 - -1 - (-1980)/(-198). What is l(d)?
17
Let y = 423 - 420. Let r(o) = 2*o - 8. Determine r(y).
-2
Suppose -3*z + 120 = 2*z. Let o = -7 - -7. Suppose r + 3*c + z = -2*r, o = -4*r - 3*c - 29. Let n(x) = -x**2 - 3*x + 2. Determine n(r).
-8
Let a(u) = 2141*u**2 + 48 - u**3 + 22 - 2140*u**2. Determine a(0).
70
Let f = -11 + 4. Let c(p) be the first derivative of -p**2/2 + p + 2773. Determine c(f).
8
Suppose 0 = t - 15*n + 20*n - 25, -2*t + 35 = 5*n. Let o(u) = -u**3 + 10*u**2 + 2*u - 15. Give o(t).
5
Suppose -14*f - 15 - 125 = 0. Let d(l) = l + 17. Give d(f).
7
Let k(r) = r**3 - r**2 + 1. Let n(y) = 7*y**3 - 18*y**2 + 11*y. Let j(x) = -6*k(x) + n(x). Let a be j(11). Let d(m) = -m**2 - 8*m - 7. What is d(a)?
5
Suppose -4*l - 160 = -0*l. Let z = 38 + l. Let o(p) = -2 + 2*p**2 + 9*p**3 - 7*p**3 + 1. Give o(z).
-9
Let f(b) = -2*b - 5. Suppose -2*g = -0*g - 282. Let k = g - 147. What is f(k)?
7
Let t(o) be the second derivative of -o**5/20 + o**4/12 - o**3/6 + 3*o**2/2 + 20*o. Let a = -24 + 28. Suppose a*f = -c, c - 3*f = 2*f. Calculate t(c).
3
Let s(f) = 19*f**3 - 19*f - 57. Let x(m) = 12*m**3 - 12*m - 37. Let o(t) = -5*s(t) + 8*x(t). Calculate o(0).
-11
Let n(f) = f + 8. Let i be (3/(-2))/(15/30) + 1. Give n(i).
6
Let w(y) = -7 + 1305*y**3 + 0 - 2605*y**3 + 2*y + 1301*y**3 - 8*y**2. Calculate w(8).
9
Let x(v) be the second derivative of -v**7/840 - v**6/60 + v**4/3 - v**3 + 25*v. Let g(c) be the second derivati